{"id":20,"date":"2025-03-05T12:10:54","date_gmt":"2025-03-05T11:10:54","guid":{"rendered":"https:\/\/eko-agro.pl\/?page_id=20"},"modified":"2025-03-06T17:53:13","modified_gmt":"2025-03-06T16:53:13","slug":"strona-glowna","status":"publish","type":"page","link":"https:\/\/eko-agro.pl\/","title":{"rendered":"Strona G\u0142\u00f3wna"},"content":{"rendered":"\t\t<div data-elementor-type=\"wp-page\" data-elementor-id=\"20\" class=\"elementor elementor-20\">\n\t\t\t\t<div class=\"elementor-element elementor-element-2c6bf64 e-flex e-con-boxed e-con e-parent\" data-id=\"2c6bf64\" data-element_type=\"container\">\n\t\t\t\t\t<div class=\"e-con-inner\">\n\t\t<div class=\"elementor-element elementor-element-18b63fd e-con-full e-flex e-con e-child\" data-id=\"18b63fd\" data-element_type=\"container\">\n\t\t\t\t<div class=\"elementor-element elementor-element-7194449 elementor-widget elementor-widget-text-editor\" data-id=\"7194449\" data-element_type=\"widget\" data-widget_type=\"text-editor.default\">\n\t\t\t\t<div class=\"elementor-widget-container\">\n\t\t\t\t\t\t\t\t\t<p>Eko-Agro to firma o ugruntowanej pozycji na rynku, kt\u00f3rej pocz\u0105tki si\u0119gaj\u0105 1992 roku, kiedy to powsta\u0142 nasz pierwszy oddzia\u0142 w Krobi. Dzi\u0119ki wieloletniemu do\u015bwiadczeniu i pasji do rolnictwa, w 2013 roku otworzyli\u015bmy kolejny oddzia\u0142 w Gostyniu. Nasza firma specjalizuje si\u0119 w dostarczaniu wysokiej jako\u015bci produkt\u00f3w rolniczych oraz us\u0142ug, kt\u00f3re wspieraj\u0105 rozw\u00f3j nowoczesnego rolnictwa.<\/p><h3>Nasze produkty<\/h3><p>W Eko-Agro oferujemy szerok\u0105 gam\u0119 produkt\u00f3w niezb\u0119dnych dla ka\u017cdego rolnika:<\/p><ul><li><p><strong>\u015arodki ochrony ro\u015blin:<\/strong> Dbamy o zdrowie i ochron\u0119 Twoich upraw, oferuj\u0105c sprawdzone i skuteczne preparaty.<\/p><\/li><li><p><strong>Nawozy:<\/strong> W naszej ofercie znajdziesz nawozy mineralne, wapniowe oraz dolistne, kt\u00f3re wspomog\u0105 wzrost ro\u015blin i zwi\u0119ksz\u0105 plony.<\/p><\/li><li><p><strong>Nasiona:<\/strong> Oferujemy nasiona kukurydzy, traw, zb\u00f3\u017c, burak\u00f3w, rzepaku, sorga, ro\u015blin motylkowych, poplonowe oraz sadzeniaki ziemniaka.<\/p><\/li><li><p><strong>Pasze i dodatki paszowe:<\/strong> Dbamy o zdrowie Twojego inwentarza, dostarczaj\u0105c najwy\u017cszej jako\u015bci pasze oraz dodatki paszowe.<\/p><\/li><li><p><strong>Folie kiszkarskie i ogrodnicze:<\/strong> Oferujemy r\u00f3\u017cnorodne folie, kt\u00f3re pomog\u0105 zabezpieczy\u0107 Twoje uprawy i przechowa\u0107 plony.<\/p><\/li><li><p><strong>Agro w\u0142\u00f3kniny i agrotkaniny:<\/strong> Nasze produkty zapewniaj\u0105 optymalne warunki dla rozwoju ro\u015blin.<\/p><\/li><li><p><strong>Pod\u0142o\u017ca torfowe:<\/strong> Wysokiej jako\u015bci pod\u0142o\u017ca torfowe do uprawy ro\u015blin gwarantuj\u0105 doskona\u0142e rezultaty.<\/p><\/li><\/ul><h3>Wsp\u00f3\u0142praca z najlepszymi markami<\/h3><p>W Eko-Agro wsp\u00f3\u0142pracujemy z renomowanymi markami, aby dostarcza\u0107 naszym klientom produkty najwy\u017cszej jako\u015bci. W\u015br\u00f3d naszych partner\u00f3w znajduj\u0105 si\u0119: Barenbrug, Corteva, Bayer, Syngenta, Adama, BASF, UPL, Innvigo, Qemetica, KWS, IGP, Sano, Blattin, Josera, Kerbl, Agrarius, Intermag, Adob, Sumiagro.<\/p>\t\t\t\t\t\t\t\t<\/div>\n\t\t\t\t<\/div>\n\t\t\t\t<\/div>\n\t\t<div class=\"elementor-element elementor-element-0b1fd5b e-con-full e-flex e-con e-child\" data-id=\"0b1fd5b\" data-element_type=\"container\">\n\t\t\t\t<div class=\"elementor-element elementor-element-562e71c elementor-widget elementor-widget-image\" data-id=\"562e71c\" data-element_type=\"widget\" data-widget_type=\"image.default\">\n\t\t\t\t<div class=\"elementor-widget-container\">\n\t\t\t\t\t\t\t\t\t\t\t\t\t\t\t<img fetchpriority=\"high\" decoding=\"async\" width=\"640\" height=\"853\" src=\"https:\/\/eko-agro.pl\/wp-content\/uploads\/2025\/03\/Eko-Agro-Gostyn-768x1024.jpg\" class=\"attachment-large size-large wp-image-129\" alt=\"\" srcset=\"https:\/\/eko-agro.pl\/wp-content\/uploads\/2025\/03\/Eko-Agro-Gostyn-768x1024.jpg 768w, https:\/\/eko-agro.pl\/wp-content\/uploads\/2025\/03\/Eko-Agro-Gostyn-225x300.jpg 225w, https:\/\/eko-agro.pl\/wp-content\/uploads\/2025\/03\/Eko-Agro-Gostyn-1152x1536.jpg 1152w, https:\/\/eko-agro.pl\/wp-content\/uploads\/2025\/03\/Eko-Agro-Gostyn-rotated.jpg 1512w\" sizes=\"(max-width: 640px) 100vw, 640px\" \/>\t\t\t\t\t\t\t\t\t\t\t\t\t\t\t<\/div>\n\t\t\t\t<\/div>\n\t\t\t\t<\/div>\n\t\t<div class=\"elementor-element elementor-element-0d83366 e-con-full e-flex e-con e-child\" data-id=\"0d83366\" data-element_type=\"container\">\n\t\t\t\t<div class=\"elementor-element elementor-element-c8562a6 elementor-widget elementor-widget-image\" data-id=\"c8562a6\" data-element_type=\"widget\" data-widget_type=\"image.default\">\n\t\t\t\t<div class=\"elementor-widget-container\">\n\t\t\t\t\t\t\t\t\t\t\t\t\t\t\t<img decoding=\"async\" width=\"1536\" height=\"1152\" src=\"https:\/\/eko-agro.pl\/wp-content\/uploads\/2025\/03\/Eko-Agro-Krobia-1536x1152.jpg\" class=\"attachment-1536x1536 size-1536x1536 wp-image-130\" alt=\"\" srcset=\"https:\/\/eko-agro.pl\/wp-content\/uploads\/2025\/03\/Eko-Agro-Krobia-1536x1152.jpg 1536w, https:\/\/eko-agro.pl\/wp-content\/uploads\/2025\/03\/Eko-Agro-Krobia-300x225.jpg 300w, https:\/\/eko-agro.pl\/wp-content\/uploads\/2025\/03\/Eko-Agro-Krobia-1024x768.jpg 1024w, https:\/\/eko-agro.pl\/wp-content\/uploads\/2025\/03\/Eko-Agro-Krobia-768x576.jpg 768w, https:\/\/eko-agro.pl\/wp-content\/uploads\/2025\/03\/Eko-Agro-Krobia-2048x1536.jpg 2048w\" sizes=\"(max-width: 1536px) 100vw, 1536px\" \/>\t\t\t\t\t\t\t\t\t\t\t\t\t\t\t<\/div>\n\t\t\t\t<\/div>\n\t\t\t\t<\/div>\n\t\t<div class=\"elementor-element elementor-element-4976d95 e-con-full e-flex e-con e-child\" data-id=\"4976d95\" data-element_type=\"container\">\n\t\t\t\t<div class=\"elementor-element elementor-element-36c00a6 elementor-widget elementor-widget-text-editor\" data-id=\"36c00a6\" data-element_type=\"widget\" data-widget_type=\"text-editor.default\">\n\t\t\t\t<div class=\"elementor-widget-container\">\n\t\t\t\t\t\t\t\t\t<h3>Us\u0142ugi<\/h3><p>Opr\u00f3cz szerokiej gamy produkt\u00f3w, oferujemy r\u00f3wnie\u017c us\u0142ugi, kt\u00f3re u\u0142atwi\u0105 Twoj\u0105 codzienn\u0105 prac\u0119:<\/p><ul><li><p><strong>Mobilna mieszalnia pasz:<\/strong> Dostarczamy mieszanki paszowe bezpo\u015brednio na Twoje gospodarstwo, dzi\u0119ki czemu oszcz\u0119dzasz czas i pieni\u0105dze.<\/p><\/li><li><p><strong>\u015arutowanie zbo\u017ca:<\/strong> Oferujemy us\u0142ugi \u015brutowania zbo\u017ca, kt\u00f3re zapewniaj\u0105 optymaln\u0105 jako\u015b\u0107 paszy dla Twojego inwentarza.<\/p><\/li><\/ul><h3>Dlaczego warto wybra\u0107 Eko-Agro?<\/h3><p>Nasza firma wyr\u00f3\u017cnia si\u0119 na tle konkurencji dzi\u0119ki:<\/p><ul><li><p><strong>Wieloletniemu do\u015bwiadczeniu:<\/strong> Dzia\u0142amy na rynku od ponad 30 lat, zdobywaj\u0105c zaufanie rolnik\u00f3w w ca\u0142ej Polsce.<\/p><\/li><li><p><strong>Indywidualnemu podej\u015bciu:<\/strong> Ka\u017cdy klient jest dla nas wa\u017cny, dlatego staramy si\u0119 dostosowa\u0107 nasze produkty i us\u0142ugi do Twoich potrzeb.<\/p><\/li><li><p><strong>Innowacyjno\u015bci:<\/strong> Stale wprowadzamy nowoczesne rozwi\u0105zania, aby wspiera\u0107 rozw\u00f3j rolnictwa i zwi\u0119ksza\u0107 wydajno\u015b\u0107 Twojego gospodarstwa.<\/p><\/li><\/ul><p>\u00a0<\/p>\t\t\t\t\t\t\t\t<\/div>\n\t\t\t\t<\/div>\n\t\t\t\t<\/div>\n\t\t\t\t\t<\/div>\n\t\t\t\t<\/div>\n\t\t\t\t<\/div>\n\t\t","protected":false},"excerpt":{"rendered":"<p>Eko-Agro to firma o ugruntowanej pozycji na rynku, kt\u00f3rej pocz\u0105tki si\u0119gaj\u0105 1992 roku, kiedy to powsta\u0142 nasz pierwszy oddzia\u0142 w Krobi. Dzi\u0119ki wieloletniemu do\u015bwiadczeniu i pasji do rolnictwa, w 2013 roku otworzyli\u015bmy kolejny oddzia\u0142 w Gostyniu. Nasza firma specjalizuje si\u0119 w dostarczaniu wysokiej jako\u015bci produkt\u00f3w rolniczych oraz us\u0142ug, kt\u00f3re wspieraj\u0105 rozw\u00f3j nowoczesnego rolnictwa. Nasze produkty W Eko-Agro oferujemy szerok\u0105 gam\u0119 [&hellip;]<\/p>\n","protected":false},"author":1,"featured_media":0,"parent":0,"menu_order":0,"comment_status":"closed","ping_status":"closed","template":"","meta":{"_regular_price":[],"currency_symbol":[],"footnotes":""},"class_list":["post-20","page","type-page","status-publish","hentry"],"post_slider_layout_featured_media_urls":{"thumbnail":"","post_slider_layout_landscape_large":"","post_slider_layout_portrait_large":"","post_slider_layout_square_large":"","post_slider_layout_landscape":"","post_slider_layout_portrait":"","post_slider_layout_square":"","full":""},"yoast_head":"<!-- This site is optimized with the Yoast SEO plugin v24.6 - https:\/\/yoast.com\/wordpress\/plugins\/seo\/ -->\n<title>Strona G\u0142\u00f3wna - eko-agro.pl<\/title>\n<meta name=\"description\" content=\"Gosty\u0144, Rynek 6. Krobia Pozna\u0144ska 40A Eko-Agro \u015arodki do produkcji rolnej. Sprzeda\u017c Nawoz\u00f3w, Nasion, Premiks\u00f3w, Pasz oraz dodatk\u00f3w.\" \/>\n<meta name=\"robots\" content=\"index, follow, max-snippet:-1, max-image-preview:large, max-video-preview:-1\" \/>\n<link rel=\"canonical\" href=\"https:\/\/eko-agro.pl\/\" \/>\n<meta property=\"og:locale\" content=\"pl_PL\" \/>\n<meta property=\"og:type\" content=\"article\" \/>\n<meta property=\"og:title\" content=\"Strona G\u0142\u00f3wna - eko-agro.pl\" \/>\n<meta property=\"og:description\" content=\"Gosty\u0144, Rynek 6. Krobia Pozna\u0144ska 40A Eko-Agro \u015arodki do produkcji rolnej. Sprzeda\u017c Nawoz\u00f3w, Nasion, Premiks\u00f3w, Pasz oraz dodatk\u00f3w.\" \/>\n<meta property=\"og:url\" content=\"https:\/\/eko-agro.pl\/\" \/>\n<meta property=\"og:site_name\" content=\"eko-agro.pl\" \/>\n<meta property=\"article:modified_time\" content=\"2025-03-06T16:53:13+00:00\" \/>\n<meta property=\"og:image\" content=\"https:\/\/eko-agro.pl\/wp-content\/uploads\/2025\/03\/Eko-Agro-Gostyn-768x1024.jpg\" \/>\n<meta name=\"twitter:card\" content=\"summary_large_image\" \/>\n<meta name=\"twitter:label1\" content=\"Szacowany czas czytania\" \/>\n\t<meta name=\"twitter:data1\" content=\"3 minuty\" \/>\n<script type=\"application\/ld+json\" class=\"yoast-schema-graph\">{\"@context\":\"https:\/\/schema.org\",\"@graph\":[{\"@type\":\"WebPage\",\"@id\":\"https:\/\/eko-agro.pl\/\",\"url\":\"https:\/\/eko-agro.pl\/\",\"name\":\"Strona G\u0142\u00f3wna - eko-agro.pl\",\"isPartOf\":{\"@id\":\"https:\/\/eko-agro.pl\/#website\"},\"primaryImageOfPage\":{\"@id\":\"https:\/\/eko-agro.pl\/#primaryimage\"},\"image\":{\"@id\":\"https:\/\/eko-agro.pl\/#primaryimage\"},\"thumbnailUrl\":\"https:\/\/eko-agro.pl\/wp-content\/uploads\/2025\/03\/Eko-Agro-Gostyn-768x1024.jpg\",\"datePublished\":\"2025-03-05T11:10:54+00:00\",\"dateModified\":\"2025-03-06T16:53:13+00:00\",\"description\":\"Gosty\u0144, Rynek 6. Krobia Pozna\u0144ska 40A Eko-Agro \u015arodki do produkcji rolnej. Sprzeda\u017c Nawoz\u00f3w, Nasion, Premiks\u00f3w, Pasz oraz dodatk\u00f3w.\",\"breadcrumb\":{\"@id\":\"https:\/\/eko-agro.pl\/#breadcrumb\"},\"inLanguage\":\"pl-PL\",\"potentialAction\":[{\"@type\":\"ReadAction\",\"target\":[\"https:\/\/eko-agro.pl\/\"]}]},{\"@type\":\"ImageObject\",\"inLanguage\":\"pl-PL\",\"@id\":\"https:\/\/eko-agro.pl\/#primaryimage\",\"url\":\"https:\/\/eko-agro.pl\/wp-content\/uploads\/2025\/03\/Eko-Agro-Gostyn-rotated.jpg\",\"contentUrl\":\"https:\/\/eko-agro.pl\/wp-content\/uploads\/2025\/03\/Eko-Agro-Gostyn-rotated.jpg\",\"width\":1512,\"height\":2016},{\"@type\":\"BreadcrumbList\",\"@id\":\"https:\/\/eko-agro.pl\/#breadcrumb\",\"itemListElement\":[{\"@type\":\"ListItem\",\"position\":1,\"name\":\"Strona g\u0142\u00f3wna\",\"item\":\"https:\/\/eko-agro.pl\/\"},{\"@type\":\"ListItem\",\"position\":2,\"name\":\"Strona G\u0142\u00f3wna\"}]},{\"@type\":\"WebSite\",\"@id\":\"https:\/\/eko-agro.pl\/#website\",\"url\":\"https:\/\/eko-agro.pl\/\",\"name\":\"eko-agro.pl\",\"description\":\"\",\"publisher\":{\"@id\":\"https:\/\/eko-agro.pl\/#organization\"},\"potentialAction\":[{\"@type\":\"SearchAction\",\"target\":{\"@type\":\"EntryPoint\",\"urlTemplate\":\"https:\/\/eko-agro.pl\/?s={search_term_string}\"},\"query-input\":{\"@type\":\"PropertyValueSpecification\",\"valueRequired\":true,\"valueName\":\"search_term_string\"}}],\"inLanguage\":\"pl-PL\"},{\"@type\":\"Organization\",\"@id\":\"https:\/\/eko-agro.pl\/#organization\",\"name\":\"eko-agro.pl\",\"url\":\"https:\/\/eko-agro.pl\/\",\"logo\":{\"@type\":\"ImageObject\",\"inLanguage\":\"pl-PL\",\"@id\":\"https:\/\/eko-agro.pl\/#\/schema\/logo\/image\/\",\"url\":\"https:\/\/eko-agro.pl\/wp-content\/uploads\/2025\/03\/eko-agro_logo.png\",\"contentUrl\":\"https:\/\/eko-agro.pl\/wp-content\/uploads\/2025\/03\/eko-agro_logo.png\",\"width\":400,\"height\":103,\"caption\":\"eko-agro.pl\"},\"image\":{\"@id\":\"https:\/\/eko-agro.pl\/#\/schema\/logo\/image\/\"}}]}<\/script>\n<!-- \/ Yoast SEO plugin. -->","yoast_head_json":{"title":"Strona G\u0142\u00f3wna - eko-agro.pl","description":"Gosty\u0144, Rynek 6. Krobia Pozna\u0144ska 40A Eko-Agro \u015arodki do produkcji rolnej. Sprzeda\u017c Nawoz\u00f3w, Nasion, Premiks\u00f3w, Pasz oraz dodatk\u00f3w.","robots":{"index":"index","follow":"follow","max-snippet":"max-snippet:-1","max-image-preview":"max-image-preview:large","max-video-preview":"max-video-preview:-1"},"canonical":"https:\/\/eko-agro.pl\/","og_locale":"pl_PL","og_type":"article","og_title":"Strona G\u0142\u00f3wna - eko-agro.pl","og_description":"Gosty\u0144, Rynek 6. Krobia Pozna\u0144ska 40A Eko-Agro \u015arodki do produkcji rolnej. Sprzeda\u017c Nawoz\u00f3w, Nasion, Premiks\u00f3w, Pasz oraz dodatk\u00f3w.","og_url":"https:\/\/eko-agro.pl\/","og_site_name":"eko-agro.pl","article_modified_time":"2025-03-06T16:53:13+00:00","og_image":[{"url":"https:\/\/eko-agro.pl\/wp-content\/uploads\/2025\/03\/Eko-Agro-Gostyn-768x1024.jpg","type":"","width":"","height":""}],"twitter_card":"summary_large_image","twitter_misc":{"Szacowany czas czytania":"3 minuty"},"schema":{"@context":"https:\/\/schema.org","@graph":[{"@type":"WebPage","@id":"https:\/\/eko-agro.pl\/","url":"https:\/\/eko-agro.pl\/","name":"Strona G\u0142\u00f3wna - eko-agro.pl","isPartOf":{"@id":"https:\/\/eko-agro.pl\/#website"},"primaryImageOfPage":{"@id":"https:\/\/eko-agro.pl\/#primaryimage"},"image":{"@id":"https:\/\/eko-agro.pl\/#primaryimage"},"thumbnailUrl":"https:\/\/eko-agro.pl\/wp-content\/uploads\/2025\/03\/Eko-Agro-Gostyn-768x1024.jpg","datePublished":"2025-03-05T11:10:54+00:00","dateModified":"2025-03-06T16:53:13+00:00","description":"Gosty\u0144, Rynek 6. Krobia Pozna\u0144ska 40A Eko-Agro \u015arodki do produkcji rolnej. Sprzeda\u017c Nawoz\u00f3w, Nasion, Premiks\u00f3w, Pasz oraz dodatk\u00f3w.","breadcrumb":{"@id":"https:\/\/eko-agro.pl\/#breadcrumb"},"inLanguage":"pl-PL","potentialAction":[{"@type":"ReadAction","target":["https:\/\/eko-agro.pl\/"]}]},{"@type":"ImageObject","inLanguage":"pl-PL","@id":"https:\/\/eko-agro.pl\/#primaryimage","url":"https:\/\/eko-agro.pl\/wp-content\/uploads\/2025\/03\/Eko-Agro-Gostyn-rotated.jpg","contentUrl":"https:\/\/eko-agro.pl\/wp-content\/uploads\/2025\/03\/Eko-Agro-Gostyn-rotated.jpg","width":1512,"height":2016},{"@type":"BreadcrumbList","@id":"https:\/\/eko-agro.pl\/#breadcrumb","itemListElement":[{"@type":"ListItem","position":1,"name":"Strona g\u0142\u00f3wna","item":"https:\/\/eko-agro.pl\/"},{"@type":"ListItem","position":2,"name":"Strona G\u0142\u00f3wna"}]},{"@type":"WebSite","@id":"https:\/\/eko-agro.pl\/#website","url":"https:\/\/eko-agro.pl\/","name":"eko-agro.pl","description":"","publisher":{"@id":"https:\/\/eko-agro.pl\/#organization"},"potentialAction":[{"@type":"SearchAction","target":{"@type":"EntryPoint","urlTemplate":"https:\/\/eko-agro.pl\/?s={search_term_string}"},"query-input":{"@type":"PropertyValueSpecification","valueRequired":true,"valueName":"search_term_string"}}],"inLanguage":"pl-PL"},{"@type":"Organization","@id":"https:\/\/eko-agro.pl\/#organization","name":"eko-agro.pl","url":"https:\/\/eko-agro.pl\/","logo":{"@type":"ImageObject","inLanguage":"pl-PL","@id":"https:\/\/eko-agro.pl\/#\/schema\/logo\/image\/","url":"https:\/\/eko-agro.pl\/wp-content\/uploads\/2025\/03\/eko-agro_logo.png","contentUrl":"https:\/\/eko-agro.pl\/wp-content\/uploads\/2025\/03\/eko-agro_logo.png","width":400,"height":103,"caption":"eko-agro.pl"},"image":{"@id":"https:\/\/eko-agro.pl\/#\/schema\/logo\/image\/"}}]}},"_links":{"self":[{"href":"https:\/\/eko-agro.pl\/index.php?rest_route=\/wp\/v2\/pages\/20","targetHints":{"allow":["GET"]}}],"collection":[{"href":"https:\/\/eko-agro.pl\/index.php?rest_route=\/wp\/v2\/pages"}],"about":[{"href":"https:\/\/eko-agro.pl\/index.php?rest_route=\/wp\/v2\/types\/page"}],"author":[{"embeddable":true,"href":"https:\/\/eko-agro.pl\/index.php?rest_route=\/wp\/v2\/users\/1"}],"replies":[{"embeddable":true,"href":"https:\/\/eko-agro.pl\/index.php?rest_route=%2Fwp%2Fv2%2Fcomments&post=20"}],"version-history":[{"count":10,"href":"https:\/\/eko-agro.pl\/index.php?rest_route=\/wp\/v2\/pages\/20\/revisions"}],"predecessor-version":[{"id":181,"href":"https:\/\/eko-agro.pl\/index.php?rest_route=\/wp\/v2\/pages\/20\/revisions\/181"}],"wp:attachment":[{"href":"https:\/\/eko-agro.pl\/index.php?rest_route=%2Fwp%2Fv2%2Fmedia&parent=20"}],"curies":[{"name":"wp","href":"https:\/\/api.w.org\/{rel}","templated":true}]}}